3/6 - 2*a. Let q be y(-1). Suppose 0 = t - q. What is the units digit of t?
6
Let j(f) = -11*f - 8. Let c(b) = -5*b - 4. Let n(l) = -13*c(l) + 6*j(l). Let m be n(6). What is the units digit of (-3)/12*m*10?
5
Let d be 19*2*1/(-2). Let s = d - -38. What is the tens digit of s?
1
Let a(t) be the third derivative of -t**6/120 + t**5/20 + t**4/12 + 3*t**2. Let d be a(4). Let p(c) = c**2 + 7*c + 1. What is the units digit of p(d)?
9
Suppose 2*g = 468 - 86. What is the units digit of g?
1
Let d = 0 + 3. Suppose 12 = 7*a - d*a. What is the units digit of a?
3
What is the tens digit of (2 + -24*3)*29/(-58)?
3
Suppose -2914 = -13*x - 743. What is the hundreds digit of x?
1
Suppose 3*v - 1 = i + 2, -2*i = v - 8. Suppose -10 - 12 = -v*x. What is the tens digit of x?
1
Let q(v) = v**3 + 9*v**2 + 10*v + 6. What is the units digit of q(-7)?
4
Suppose -2*r + 3*n + 2*n + 299 = 0, 3*r + 2*n = 439. What is the units digit of r?
7
Let x = 144 - -54. What is the units digit of x?
8
Let w(s) = -s**3 + s**2 - s + 3. Let d be w(0). Suppose -u + 2*b - 24 = 0, u + 4*b - d = -9. What is the units digit of 47/9 + 4/u?
5
Let c = -1 - -3. Suppose c*s - 9 = 1. Suppose -34 = 2*n - 5*n - s*w, 5*n = 5*w + 30. What is the units digit of n?
8
Suppose -17 = -p + 242. Suppose -106 + p = 3*n. What is the units digit of n?
1
Let a be 4 - 1 - 4/(-1). Let z(n) = n**2 - 4*n + 4. What is the tens digit of z(a)?
2
Suppose -3*m = -4*m + 215. What is the units digit of m?
5
Suppose 4*b - 52 + 20 = 0. What is the units digit of ((-4)/2)/1 + b?
6
Suppose o = -l - 3*l, -52 = -4*o - 3*l. Suppose 2*u = i + o, -u + 8 = -0*u - i. Suppose w + 4*d - u = 10, -4*w - d + 27 = 0. What is the units digit of w?
6
Let m(g) = -g**2 + 2. Let d be m(0). Let n be 2*1/(-2) - 0. Let k = d - n. What is the units digit of k?
3
Let z(s) = 3*s**2 + 23 + s**3 - 3*s**2 + s**2. What is the units digit of z(0)?
3
Suppose 0 = -0*q - 2*q - 36. Let j = q - -32. What is the tens digit of j?
1
Suppose -154 = s - 8*s. What is the tens digit of s?
2
What is the units digit of -3*(0 + -1)/1?
3
Let d(i) = -i + 6. Let j be d(6). Let q = j + 2. Suppose -x = -7 - q. What is the units digit of x?
9
Suppose 3*x = 8*x - 20. Let p(l) = 2*l**2 - 3*l - 3. What is the tens digit of p(x)?
1
Suppose -23 - 29 = -w. What is the tens digit of w?
5
Let b(t) = t + 4. Suppose 0 = 3*k - 4 - 11. What is the units digit of b(k)?
9
Let b = 18 + -34. What is the tens digit of (b/(-20))/(6/75)?
1
What is the units digit of 15 + 3 + (-2)/(-2)?
9
What is the tens digit of 1/1 - 144/(-3)?
4
Suppose 4*t - 9 = -0*f - 5*f, -f + 1 = 0. Let u be (t*-1)/(1/(-4)). Suppose x = -u*x + 70. What is the units digit of x?
4
Let a(y) = 16*y**3 - y**2 + y - 1. Let o be a(1). Suppose -o - 9 = -3*z. What is the units digit of z?
8
Suppose -3*t + 2 = -7. Suppose t*p - 3 = 30. What is the units digit of p?
1
Let v = -216 + 513. What is the tens digit of v?
9
Suppose 3*i + i - 12 = -2*j, -i = 3*j - 13. Suppose i + 11 = b. What is the tens digit of (18*1)/(18/b)?
1
Let q = -6 + 9. Suppose -12 = -q*m - m. Suppose -5 = -5*j + m*b + 18, -j = 5*b - 27. What is the units digit of j?
7
Suppose -2*x = -k + 32, 2*k + 7*x = 2*x + 28. What is the tens digit of k?
2
Suppose 0 = 5*h - 5*n - 5 - 45, -20 = 4*n. Suppose 0 = -3*u - h*d - 9, -2*d - 3*d - 5 = 5*u. What is the units digit of u?
2
Let z(b) = -5*b**2 + 5*b + b + b + 0*b**3 + 9 - b**3. Let v be z(-6). Suppose 5*a - x = 4*a + 13, 5*x + 49 = v*a. What is the units digit of a?
8
What is the units digit of ((-3)/(-6))/(2/1052)?
3
Let c(k) = -4*k**2. Let p be c(2). Let w = p - -25. What is the units digit of w?
9
Let i(h) = -46*h**3 + 2*h**2 + 3*h + 1. What is the units digit of i(-1)?
6
What is the tens digit of (7 + 22)/(1 - 0)?
2
Let j = -1 - -12. What is the units digit of j?
1
Let o = -26 - -59. What is the units digit of o?
3
What is the units digit of (-1840)/(-8) - (1/(-1) + -3)?
4
Suppose -l - 6 = -c + l, 23 = 5*c - 3*l. Let i = c - 2. What is the units digit of i?
2
Let p(r) = 4*r + 1. Let a = -7 + 10. Suppose a*o = o + 2. What is the units digit of p(o)?
5
What is the units digit of (1/2)/((-15)/(-1230))?
1
What is the units digit of ((-8)/(-6))/((-8)/(-36))?
6
Let j = 48 - 20. What is the tens digit of j?
2
Let k(b) = b**3 + 6*b**2 - 21*b - 10. What is the tens digit of k(-7)?
8
What is the units digit of (12/30)/(3/120)?
6
Suppose 0 = -2*l + 4*l - 18. Suppose 2*z - l = -1. Suppose -z*k = -23 - 5. What is the units digit of k?
7
Suppose r - 4 = -1. Suppose r*j - 40 = -j. What is the tens digit of j?
1
Let s be (-29)/(-5) - (-1)/5. Let j = s - -1. What is the units digit of j?
7
Suppose -4*g = -4*b - 52, 5 = g - 3*b - 14. Let f(o) = o**2 - 7*o - 13. What is the tens digit of f(g)?
1
Suppose 3*m + 1 = 13. Suppose -f - 8 + 71 = k, -2*k - m*f = -136. Suppose 4*u + 24 = 2*l - u, 0 = -4*l + 5*u + k. What is the units digit of l?
7
What is the tens digit of 1 + (214 + -1)/1 - 0?
1
Let j(i) = -i**2 - 1. Let p(y) = -y**3 - 10*y**2 + 7*y - 12. Let m(x) = 4*j(x) - p(x). What is the units digit of m(-7)?
8
Suppose 0 = 4*g - 3*s - 1, 5*g - 2*s - 5 = s. Suppose -q = -u + g, -u + q = 4*q + 8. What is the units digit of u?
1
Suppose -3*c + 0*c - 2*t = -15, 2*t - 6 = 0. Suppose -c*v + 4 = 1. Let d = v + 4. What is the units digit of d?
5
Let n = -4 - -6. Suppose 3*s + 4*v - 49 = 0, -20 = s - n*s - 5*v. Suppose -3*h + 9 + s = 0. What is the units digit of h?
8
Let o = -6 - -9. Suppose 4*q + o*z - 66 = 0, 0 = -2*q - 2*z + 6*z + 44. What is the tens digit of q?
1
Let s(n) = 5*n**2 - 5*n - 3. Let t be s(4). Suppose -m = -0*m + z - 15, 5*m - z - t = 0. What is the units digit of m?
2
Let f(s) = s - 4. Let i = 15 + -8. Let p be f(i). What is the units digit of (10/p)/(2/3)?
5
Suppose -2*r = -4, 2*w + 0*w - 5*r = 22. What is the tens digit of w?
1
Let t(f) = -f**3 + 7*f**2 + f - 1. Let n be t(7). Let l(y) = 8*y - 5. What is the units digit of l(n)?
3
Let h(f) = f**2 - 4*f + 14. What is the tens digit of h(6)?
2
Suppose h = -4*j - 19, -j - 10 = -5*h - 0. Suppose h = t - 4*r - 35, -3*r - 63 = -3*t. What is the tens digit of t?
1
Suppose 2*o + 2*w - 279 = 463, o + 4*w - 365 = 0. What is the units digit of o?
3
Suppose 5*c - 280 = -0*c. Suppose 4*i - 8*i = -c. What is the tens digit of i?
1
Let i(w) = w**3 - 4*w**2 + 3*w - 2. Let t be i(3). Let l be 3 + t - 1/(-1). Suppose 2*y + l*y + 37 = 3*n, -n + 2*y = -15. What is the units digit of n?
7
What is the tens digit of (21/2)/(6/12)?
2
Let r be (-13 + 1)/(6/(-4)). Suppose -6 - 28 = 4*c - 2*q, 3*q - 9 = 0. Let m = r + c. What is the units digit of m?
1
Let z(j) = j**2 - 8*j + 11. Let i be z(8). Let b(v) = -5*v + 3. Let o be b(-4). Let m = o - i. What is the units digit of m?
2
Let o = 6 + -7. Let w(g) = -4*g**3 - 1. What is the units digit of w(o)?
3
Let i(p) = -4*p + 4. Let m = -2 - 1. What is the units digit of i(m)?
6
Let u = 49 - 17. What is the tens digit of u?
3
Suppose 0 = -u - 4 + 27. Let d = -63 - -103. Let w = d - u. What is the units digit of w?
7
Let k be (14/4)/(3/78). Suppose 5*l = -2*t + 3*t - 40, 0 = -4*t - 3*l + k. Suppose 3*u - t - 2 = 0. What is the units digit of u?
9
Let s be 2/7 - 2/7. Suppose s = -q + 3*q - 12. Let u = -1 + q. What is the units digit of u?
5
Let h be -3 + 0 + 1/(-1). Let d be h/(-2)*2/4. What is the units digit of d + 1 + (0 - 1)?
1
Let l(c) = c**3 + 3*c**2 + c. Let b be l(-3). What is the tens digit of (2/4)/(b/(-114))?
1
Suppose 0*k + 4*n = -k + 1, 0 = 5*n + 10. What is the units digit of k?
9
Suppose -5*x + 3 = -7. Suppose 0*c - c = -x. What is the units digit of c?
2
What is the tens digit of -3*(-3 + 4) - -18?
1
Suppose 0 = -3*s + 1 + 8. Suppose c - 2*c + 3 = 0. Let t = c + s. What is the units digit of t?
6
Let b(l) = l**2 + 15*l + 2. Let z be b(-15). Suppose 5*i - 21 = z*i. What is the units digit of i?
7
Let b(p) = p**3 + 2*p**2 - p - 1. Suppose 2*f + f = 9, 5*m - 2*f - 34 = 0. Suppose 0 = 3*t + m - 2. What is the units digit of b(t)?
1
Suppose -3*d - 39 = -2*f + 4*f, -f + 2*d - 16 = 0. What is the units digit of (-4)/6 + (-804)/f?
4
Suppose -8*u - 196 = -10*u. What is the units digit of u?
8
Let r(t) = -2*t + 5. Let a(b) = -b + 3. Let v(p) = -7*a(p) + 4*r(p). What is the units digit of v(-5)?
4
Let f(u) = 3*u + 3. Let d(a) = a + 2. Let l(h) = 5*d(h)